+ 2*i(t). What is the tens digit of n(5)?
2
Let r = 383 + -215. Let n = r - 120. What is the units digit of n?
8
Suppose -5*h - 2*b - 17 = 0, 5*b = 2*h + b + 26. Let o = -70 + 43. Let l = h - o. What is the units digit of l?
2
Let l = 5 - 3. Let a(n) = 14 + 6*n**2 + 10*n - 6*n**l + 10*n**2 + n**3. What is the units digit of a(-8)?
2
Let l = -149 - -287. What is the tens digit of l?
3
What is the units digit of 258/(-6)*(-102 - -1) - -4?
7
Let b be ((-7)/(-3) + -5)*(-6)/4. Suppose 2*l + 4*t = 266, l + b*t - 141 = -0*t. What is the units digit of l?
5
Let d be (-4)/14 + 69/21. Suppose -q + 10 + 59 = -5*n, -d*n = 15. What is the tens digit of q?
4
Let c be (-14)/(-5) + 12/15*-1. Suppose -3*g + 56 = -2*t, 5*g - t - 115 = -c*t. What is the tens digit of g?
2
Suppose -19 = 4*s + 53. Let v = 24 + s. What is the units digit of v?
6
Suppose -2*m = -0*m - 2, 3*c = 3*m + 12. Suppose -x + 1510 = c*g, -4*x = 3*g + 262 - 1168. What is the tens digit of g?
0
Suppose 5159 + 57579 = 26*j. What is the hundreds digit of j?
4
Let u be 0/18 + -2*3. Let o(n) be the second derivative of -n**3/6 + 7*n**2/2 + 3*n. What is the units digit of o(u)?
3
Let q(h) = -106*h + 56. What is the hundreds digit of q(-5)?
5
Let c be 1/(-5) - 1808/(-40). Suppose 5*a + c - 105 = 0. What is the tens digit of a?
1
Suppose -2*q + 23 + 225 = 0. What is the hundreds digit of q?
1
Suppose -3*b + 1652 = 284. What is the units digit of b?
6
Let w(b) = 21*b**2 + 25*b + 28*b**2 - 51*b**2 - 8. What is the tens digit of w(9)?
5
Let h = -1 + 0. Let i(n) = 4*n**3 - 6*n**2 - 6*n - 5. Let f(q) = 3*q**3 - 7*q**2 - 7*q - 6. Let m(t) = 4*f(t) - 5*i(t). What is the units digit of m(h)?
9
Suppose t = 2*i + 27, 0 = 5*i - 0*i - t + 60. Let l = -12 - i. What is the units digit of 3 + l + 4 + 16?
2
Let q = 6 + 0. Let y be ((-18)/4)/(4/8). What is the units digit of q/((81/(-42))/y)?
8
Suppose 161*n - 23264 = 153*n. What is the thousands digit of n?
2
Let d = 11 - 9. Suppose -3*v = d*v - 75. What is the tens digit of v?
1
Let f(i) = 14*i + 3. Let s be f(1). Suppose 71 = p + 3*h + s, -3*h - 150 = -3*p. What is the units digit of p?
1
Let g(i) = -i**2 + 7*i. Let r be g(8). Let d be (-18)/(12/r - 0). What is the units digit of (-36)/3*(-3)/d?
3
What is the units digit of (-63)/42*(-26556)/18?
3
Suppose -2*j - 4 = -4*j, 5*m + 5*j - 865 = 0. What is the tens digit of m?
7
Suppose -72*k = -17*k - 135190. What is the hundreds digit of k?
4
Let s(a) = a**3 - 6*a**2 + 6*a - 7. Let r be (14/6)/((-4)/(-24)). Suppose 2*l - r = -j, 0*j + 30 = 3*j + 3*l. What is the units digit of s(j)?
9
Let x(l) = -640*l - 4. What is the tens digit of x(-1)?
3
Suppose 0 = -8*l - 1020 + 8348. What is the tens digit of l?
1
Suppose 2*q - 3*f = 936, 5*q - 964 = 3*q - 4*f. What is the units digit of q?
4
Suppose -2*h + 4*l - 1 = 3, 22 = -5*h + 4*l. Let u(j) = j**2 + 5*j + 4. Let d be u(h). Suppose c + c = d. What is the units digit of c?
5
Let d be 13/65 - 576/5. Let b = -82 - d. What is the tens digit of b?
3
Let z(d) = -d**3 - 9*d**2 - 10*d + 3. Let c be 7*((-152)/28 + 2). Let a = c - -16. What is the tens digit of z(a)?
1
Suppose -1013 = -w - 5*y, 30*w + 4*y - 4052 = 26*w. What is the units digit of w?
3
Suppose 0 = -3*i + 2*g + 1733, i + 4*g = -0*i + 559. Suppose b - i = -4*b. What is the tens digit of b?
1
Let p = -1 + -63. What is the units digit of 1 + 2 - (-5)/(-5) - p?
6
Let m = 150 + 307. What is the tens digit of m?
5
Let r = -418 - -2498. What is the units digit of r?
0
Let j(d) be the third derivative of -3/2*d**3 + 1/60*d**5 - 5/24*d**4 + 0*d - 12*d**2 + 0. What is the units digit of j(-6)?
7
Let f(l) = 28*l**2 + 34*l - 17. What is the hundreds digit of f(-7)?
1
Suppose 0*s - 8*s = 80. Let k = 52 + -30. Let c = k + s. What is the units digit of c?
2
Let j(u) = 2*u**3 + u**2 + 3*u + 6. Let r be j(4). What is the units digit of -7*(r/42 - 5)?
8
Let n(m) = 3*m**2 + 12*m. Let a(h) = 4*h**2 + 13*h + 1. Let r(t) = 4*a(t) - 5*n(t). Let s be 145/15 - (-2)/6. What is the tens digit of r(s)?
2
What is the units digit of 2120/14 - 12*(-4)/(-112)?
1
Let l(s) = -s**3 + 14*s**2 - 6. Let r be l(14). What is the units digit of (2/r)/((-498)/495 - -1)?
5
What is the units digit of 37030/8 + 16 + 2/8?
5
Suppose 4*i - 9 - 91 = 0. Suppose 29 = -24*o + i*o. What is the tens digit of o?
2
Let l be -5*(2/10)/(1/(-2)). Suppose 0 = -l*x + 7 + 19. What is the tens digit of x?
1
Suppose -t = 3*n - 5614 + 504, -4*n - 2*t + 6814 = 0. What is the thousands digit of n?
1
Let z(n) be the first derivative of 32*n**2 + 12*n - 26. What is the hundreds digit of z(4)?
2
Let j(v) = -25*v**3 + 5*v**2 - 17*v - 33. What is the units digit of j(-4)?
5
Suppose 2*f = -3*o + 142, -3*o - f + 181 = o. Suppose 0 = -5*w + 3*m - m + 220, w = -5*m + o. What is the tens digit of w?
4
Let g(d) = -d**2 + 2*d + 1. Let i be g(2). Let h be ((-12)/i)/(-4) - -12. Suppose 0 = -2*k + 19 + h. What is the units digit of k?
7
Suppose 56*u + 234 = 58*u. Suppose u = 3*d - 51. What is the tens digit of d?
5
Let o = -10 - -14. Suppose -74 = -4*u + 3*u. Suppose 6 + u = o*v. What is the tens digit of v?
2
Let m be (-409)/(-5) + 14/70. Let x = m - 39. Suppose x = o - 0*o. What is the units digit of o?
3
Suppose 0 = -7*u + 2*u. Let j be 20/(u - (3 - 4)). What is the tens digit of (-6)/10 - (-932)/j?
4
Suppose 3 = -d - 4*f, d + 2*f - 3 = f. Suppose -s + 351 = -j + d*j, 93 = j + 2*s. What is the units digit of j?
7
Suppose -70*n = -72*n + 96. What is the tens digit of n?
4
Let b(t) = 14 - 3*t + 2*t + 2*t + 2. Let h be b(-11). Suppose -7*i + h*i = -64. What is the units digit of i?
2
Suppose d - 8 = -d. Suppose -3*s + 4*s - v = 9, 3*s - d*v = 27. Suppose 12*z = s*z + 69. What is the tens digit of z?
2
Let o(f) = 2*f**2 + 2*f - 18. Let y = 25 - 35. What is the tens digit of o(y)?
6
Suppose 3*c = -4*d + 2209, 5*d - 11*c + 7*c = 2769. What is the units digit of d?
3
Suppose -5*m + 8*m = -x + 1515, -4*x = -2*m - 5990. What is the tens digit of x?
0
Suppose -39*m = -3*m - 133632. What is the units digit of m?
2
Let k(w) = -w**2 + 2*w**2 + 2*w + 8*w - 2*w**2 + 19. Suppose -5*x + 0*h + 3*h + 56 = 0, -2*h - 4 = 0. What is the units digit of k(x)?
9
Let s(u) = u - 8*u + 12 + u**2 - u - 1. Let b be s(7). What is the units digit of (b/(-6))/(-2)*51?
7
Let r be (-3162)/(-4) - 19/(-38). Suppose c - 2*c = 5*m - r, -2*m + 5*c + 311 = 0. What is the hundreds digit of m?
1
Let c = 457 + -114. What is the hundreds digit of c?
3
Suppose 0 = -2*z - d + 65, -z + 33 = -d + 2*d. What is the tens digit of z?
3
Let z = 0 + 279. What is the tens digit of z?
7
Suppose 2*n - 3*n + 13 = 0. Suppose -11 = -3*k + n. Suppose 0 = 4*t - 4 - k. What is the units digit of t?
3
Let u be (4/(-10) - -1)*15. Suppose 436 = u*f - 5*f. What is the units digit of f?
9
Suppose 0 = -69*v + 81*v - 17064. What is the units digit of v?
2
Let i(m) = -159*m**3 - m - 1. Let o be i(-1). What is the units digit of 3*o/9 + -2?
1
Suppose -2*w = -6*z + 3*z + 251, 0 = 2*z - w - 169. Let k = z - 58. What is the tens digit of k?
2
Suppose 4*y = h + 285, 5*h = -5*y - 0*h + 325. What is the units digit of y?
0
Suppose 25*i - 12*i = 4745. What is the tens digit of i?
6
Let t = 39 + -41. What is the units digit of (-158)/t*(-24 - -25)?
9
Let z(f) = -f**2 + 15*f - 3. Let o be 11 - 9/((-9)/(-4)). What is the units digit of z(o)?
3
Let k(x) be the first derivative of -2*x**4 - 1. Let g be 30/(-14) + (-21)/(-147). What is the units digit of k(g)?
4
What is the thousands digit of (-34300)/(-15)*6/4?
3
Suppose c + 2*m = 4, -3*m = -c + 2*c. Let f be -3*(140/c)/1. Let u = f - -63. What is the units digit of u?
8
Let y = -14 - -16. Suppose -y*f + 0*x - 3*x = 24, -f - 12 = -3*x. What is the units digit of f/(-9)*(-1 + 13)?
6
Let v(f) = -f**3 - f**2 + f. Let t(q) = 4*q**3 + 28*q**2 + 20*q + 31. Let w(o) = t(o) + 5*v(o). What is the units digit of w(24)?
5
Suppose 0*u - 5*u = -785. Let r = u - 52. What is the units digit of r?
5
Let r = 649 - 329. Suppose -g = 3*g - r. What is the units digit of g?
0
What is the units digit of (-27 - -28)/(1/842)?
2
Suppose 0 = -0*v + 2*v. Let p be -7 + (3 - v) - -3. Let a(i) = 5*i**2 + i + 1. What is the units digit of a(p)?
5
Let l(z) = 23*z + 19. Let h be l(-6). What is the units digit of (-2)/7 + (-1938)/h?
6
Let f(i) = 82*i**2 + 7*i 